{"id":8860,"date":"2022-07-05T17:20:42","date_gmt":"2022-07-05T22:20:42","guid":{"rendered":"https:\/\/compu593.com\/?post_type=product&#038;p=8860"},"modified":"2022-07-09T13:35:42","modified_gmt":"2022-07-09T18:35:42","slug":"autocad","status":"publish","type":"product","link":"https:\/\/compu593.com\/index.php\/product\/autocad\/","title":{"rendered":"AutoCad 2023"},"content":{"rendered":"<h4 data-speechify-sentence=\"\">\u00bfQu\u00e9 es AutoCAD?<\/h4>\n<p>Impulsa la creatividad de los equipos con las caracter\u00edsticas de automatizaci\u00f3n, colaboraci\u00f3n y aprendizaje autom\u00e1tico del software AutoCAD\u00ae. Los arquitectos, los ingenieros y los profesionales de la construcci\u00f3n utilizan AutoCAD para lo siguiente:<\/p>\n<ul>\n<li><strong>Dibuja y anota<\/strong>\u00a0geometr\u00eda 2D y modelos 3D con s\u00f3lidos, superficies y objetos de malla.<\/li>\n<li><strong>Automatiza tareas<\/strong>\u00a0como, por ejemplo, la comparaci\u00f3n de dibujos, el recuento de objetos, la adici\u00f3n de bloques, la creaci\u00f3n de planificaciones y mucho m\u00e1s.<\/li>\n<li><strong>Crea un espacio de trabajo personalizado<\/strong>\u00a0para maximizar la productividad con aplicaciones complementarias y API.<\/li>\n<\/ul>\n<h3>\u00bfQu\u00e9 se puede hacer con AutoCAD?<\/h3>\n<h4 class=\"pc-heading-large wp-color-dark\" data-speechify-sentence=\"\">Trabaja en cualquier lugar con las aplicaciones web y para dispositivos m\u00f3viles de AutoCAD<\/h4>\n<p data-speechify-sentence=\"\">Disfruta de una experiencia de dise\u00f1o conectada con AutoCAD en todos los dispositivos. Crea, visualiza, edita y anota dibujos con la aplicaci\u00f3n m\u00f3vil de AutoCAD o en cualquier computadora mediante la aplicaci\u00f3n web de AutoCAD.<\/p>\n<h4 class=\"pc-heading-large wp-color-dark\" data-speechify-sentence=\"\">Descubre flujos de trabajo m\u00e1s eficientes<\/h4>\n<p data-speechify-sentence=\"\">Las actualizaciones m\u00e1s recientes de AutoCAD te permiten colaborar con compa\u00f1eros de equipo, recopilar datos de dibujo de forma m\u00e1s r\u00e1pida y exportar dise\u00f1os a otros productos de Autodesk.<\/p>\n<div class=\"heading section\" data-speechify-sentence=\"\">\n<h4 class=\"pc-heading-large wp-color-dark\">Personaliza tu espacio de trabajo y ampl\u00eda AutoCAD<\/h4>\n<\/div>\n<div class=\"text section\" data-speechify-sentence=\"\">Completa el trabajo con m\u00e1s rapidez. Obt\u00e9n acceso a miles de piezas y elementos adicionales con los conjuntos de herramientas espec\u00edficas de cada industria, API para automatizar procesos habituales y m\u00e1s de 1000 aplicaciones de terceros.<\/div>\n","protected":false},"excerpt":{"rendered":"<p data-speechify-sentence=\"\">AutoCAD: millones de personas conf\u00edan en el software CAD 2D y 3D para dibujar, crear y automatizar dise\u00f1os en cualquier momento y en todo lugar.<\/p>\n<p data-speechify-sentence=\"\"><strong>Licencia para 1 PC o Mac (Tambi\u00e9n compatible con Mac M1),\u00a0v\u00e1lida por 1 a\u00f1o.<\/strong><\/p>\n<p data-speechify-sentence=\"\">*Licencia versi\u00f3n estudiantil, est\u00e1 variante no supone ning\u00fan cambio en las caracter\u00edsticas de la licencia comercial*<\/p>\n<p><strong>Clave de activaci\u00f3n de producto.<\/strong><\/p>\n<p><b>Serial num\u00e9rico de 11 d\u00edgitos (XXX-XXXXXXXX).<\/b><\/p>\n","protected":false},"featured_media":8933,"template":"","meta":{"om_disable_all_campaigns":false,"_monsterinsights_skip_tracking":false,"_monsterinsights_sitenote_active":false,"_monsterinsights_sitenote_note":"","_monsterinsights_sitenote_category":0},"product_cat":[131],"product_tag":[125,120,124,126,123,117,116,118,121,122,119],"yoast_head":"<!-- This site is optimized with the Yoast SEO plugin v19.13 - https:\/\/yoast.com\/wordpress\/plugins\/seo\/ -->\n<title>AutoCad 2023 - Compu593<\/title>\n<meta name=\"robots\" content=\"index, follow, max-snippet:-1, max-image-preview:large, max-video-preview:-1\" \/>\n<link rel=\"canonical\" href=\"https:\/\/compu593.com\/index.php\/product\/autocad\/\" \/>\n<meta property=\"og:locale\" content=\"es_ES\" \/>\n<meta property=\"og:type\" content=\"article\" \/>\n<meta property=\"og:title\" content=\"AutoCad 2023 - Compu593\" \/>\n<meta property=\"og:description\" content=\"AutoCAD: millones de personas conf\u00edan en el software CAD 2D y 3D para dibujar, crear y automatizar dise\u00f1os en cualquier momento y en todo lugar. Licencia para 1 PC o Mac (Tambi\u00e9n compatible con Mac M1),\u00a0v\u00e1lida por 1 a\u00f1o. *Licencia versi\u00f3n estudiantil, est\u00e1 variante no supone ning\u00fan cambio en las caracter\u00edsticas de la licencia comercial* Clave de activaci\u00f3n de producto.  Serial num\u00e9rico de 11 d\u00edgitos (XXX-XXXXXXXX).\" \/>\n<meta property=\"og:url\" content=\"https:\/\/compu593.com\/index.php\/product\/autocad\/\" \/>\n<meta property=\"og:site_name\" content=\"Compu593\" \/>\n<meta property=\"article:modified_time\" content=\"2022-07-09T18:35:42+00:00\" \/>\n<meta property=\"og:image\" content=\"https:\/\/compu593.com\/wp-content\/uploads\/2022\/07\/autocad-2023-1.webp\" \/>\n\t<meta property=\"og:image:width\" content=\"1420\" \/>\n\t<meta property=\"og:image:height\" content=\"1420\" \/>\n\t<meta property=\"og:image:type\" content=\"image\/webp\" \/>\n<meta name=\"twitter:card\" content=\"summary_large_image\" \/>\n<meta name=\"twitter:label1\" content=\"Tiempo de lectura\" \/>\n\t<meta name=\"twitter:data1\" content=\"1 minuto\" \/>\n<script type=\"application\/ld+json\" class=\"yoast-schema-graph\">{\"@context\":\"https:\/\/schema.org\",\"@graph\":[{\"@type\":\"WebPage\",\"@id\":\"https:\/\/compu593.com\/index.php\/product\/autocad\/\",\"url\":\"https:\/\/compu593.com\/index.php\/product\/autocad\/\",\"name\":\"AutoCad 2023 - Compu593\",\"isPartOf\":{\"@id\":\"https:\/\/compu593.com\/#website\"},\"datePublished\":\"2022-07-05T22:20:42+00:00\",\"dateModified\":\"2022-07-09T18:35:42+00:00\",\"breadcrumb\":{\"@id\":\"https:\/\/compu593.com\/index.php\/product\/autocad\/#breadcrumb\"},\"inLanguage\":\"es\",\"potentialAction\":[{\"@type\":\"ReadAction\",\"target\":[\"https:\/\/compu593.com\/index.php\/product\/autocad\/\"]}]},{\"@type\":\"BreadcrumbList\",\"@id\":\"https:\/\/compu593.com\/index.php\/product\/autocad\/#breadcrumb\",\"itemListElement\":[{\"@type\":\"ListItem\",\"position\":1,\"name\":\"Portada\",\"item\":\"https:\/\/compu593.com\/\"},{\"@type\":\"ListItem\",\"position\":2,\"name\":\"Store\",\"item\":\"https:\/\/compu593.com\/index.php\/store\/\"},{\"@type\":\"ListItem\",\"position\":3,\"name\":\"AutoCad 2023\"}]},{\"@type\":\"WebSite\",\"@id\":\"https:\/\/compu593.com\/#website\",\"url\":\"https:\/\/compu593.com\/\",\"name\":\"Compu593\",\"description\":\"Key Store\",\"potentialAction\":[{\"@type\":\"SearchAction\",\"target\":{\"@type\":\"EntryPoint\",\"urlTemplate\":\"https:\/\/compu593.com\/?s={search_term_string}\"},\"query-input\":\"required name=search_term_string\"}],\"inLanguage\":\"es\"}]}<\/script>\n<!-- \/ Yoast SEO plugin. -->","yoast_head_json":{"title":"AutoCad 2023 - Compu593","robots":{"index":"index","follow":"follow","max-snippet":"max-snippet:-1","max-image-preview":"max-image-preview:large","max-video-preview":"max-video-preview:-1"},"canonical":"https:\/\/compu593.com\/index.php\/product\/autocad\/","og_locale":"es_ES","og_type":"article","og_title":"AutoCad 2023 - Compu593","og_description":"AutoCAD: millones de personas conf\u00edan en el software CAD 2D y 3D para dibujar, crear y automatizar dise\u00f1os en cualquier momento y en todo lugar. Licencia para 1 PC o Mac (Tambi\u00e9n compatible con Mac M1),\u00a0v\u00e1lida por 1 a\u00f1o. *Licencia versi\u00f3n estudiantil, est\u00e1 variante no supone ning\u00fan cambio en las caracter\u00edsticas de la licencia comercial* Clave de activaci\u00f3n de producto.  Serial num\u00e9rico de 11 d\u00edgitos (XXX-XXXXXXXX).","og_url":"https:\/\/compu593.com\/index.php\/product\/autocad\/","og_site_name":"Compu593","article_modified_time":"2022-07-09T18:35:42+00:00","og_image":[{"width":1420,"height":1420,"url":"https:\/\/compu593.com\/wp-content\/uploads\/2022\/07\/autocad-2023-1.webp","type":"image\/webp"}],"twitter_card":"summary_large_image","twitter_misc":{"Tiempo de lectura":"1 minuto"},"schema":{"@context":"https:\/\/schema.org","@graph":[{"@type":"WebPage","@id":"https:\/\/compu593.com\/index.php\/product\/autocad\/","url":"https:\/\/compu593.com\/index.php\/product\/autocad\/","name":"AutoCad 2023 - Compu593","isPartOf":{"@id":"https:\/\/compu593.com\/#website"},"datePublished":"2022-07-05T22:20:42+00:00","dateModified":"2022-07-09T18:35:42+00:00","breadcrumb":{"@id":"https:\/\/compu593.com\/index.php\/product\/autocad\/#breadcrumb"},"inLanguage":"es","potentialAction":[{"@type":"ReadAction","target":["https:\/\/compu593.com\/index.php\/product\/autocad\/"]}]},{"@type":"BreadcrumbList","@id":"https:\/\/compu593.com\/index.php\/product\/autocad\/#breadcrumb","itemListElement":[{"@type":"ListItem","position":1,"name":"Portada","item":"https:\/\/compu593.com\/"},{"@type":"ListItem","position":2,"name":"Store","item":"https:\/\/compu593.com\/index.php\/store\/"},{"@type":"ListItem","position":3,"name":"AutoCad 2023"}]},{"@type":"WebSite","@id":"https:\/\/compu593.com\/#website","url":"https:\/\/compu593.com\/","name":"Compu593","description":"Key Store","potentialAction":[{"@type":"SearchAction","target":{"@type":"EntryPoint","urlTemplate":"https:\/\/compu593.com\/?s={search_term_string}"},"query-input":"required name=search_term_string"}],"inLanguage":"es"}]}},"_links":{"self":[{"href":"https:\/\/compu593.com\/index.php\/wp-json\/wp\/v2\/product\/8860"}],"collection":[{"href":"https:\/\/compu593.com\/index.php\/wp-json\/wp\/v2\/product"}],"about":[{"href":"https:\/\/compu593.com\/index.php\/wp-json\/wp\/v2\/types\/product"}],"wp:featuredmedia":[{"embeddable":true,"href":"https:\/\/compu593.com\/index.php\/wp-json\/wp\/v2\/media\/8933"}],"wp:attachment":[{"href":"https:\/\/compu593.com\/index.php\/wp-json\/wp\/v2\/media?parent=8860"}],"wp:term":[{"taxonomy":"product_cat","embeddable":true,"href":"https:\/\/compu593.com\/index.php\/wp-json\/wp\/v2\/product_cat?post=8860"},{"taxonomy":"product_tag","embeddable":true,"href":"https:\/\/compu593.com\/index.php\/wp-json\/wp\/v2\/product_tag?post=8860"}],"curies":[{"name":"wp","href":"https:\/\/api.w.org\/{rel}","templated":true}]}}