{"id":8859,"date":"2022-07-05T17:20:19","date_gmt":"2022-07-05T22:20:19","guid":{"rendered":"https:\/\/compu593.com\/?post_type=product&#038;p=8859"},"modified":"2022-07-09T13:27:58","modified_gmt":"2022-07-09T18:27:58","slug":"avast","status":"publish","type":"product","link":"https:\/\/compu593.com\/index.php\/product\/avast\/","title":{"rendered":"Avast Premium Security"},"content":{"rendered":"<h4 data-speechify-sentence=\"\">Protecci\u00f3n contra sus mayores enemigos en l\u00ednea<\/h4>\n<p data-speechify-sentence=\"\">Avast Premium Security protege contra todas las\u00a0<strong>amenazas<\/strong>\u00a0en l\u00ednea, incluidos los sitios web falsificados y el\u00a0<strong>ransomware<\/strong>.<\/p>\n<h4 class=\"media-title mt-0\" data-speechify-sentence=\"\">Ahora puede realizar compras y operaciones bancarias en l\u00ednea sin ning\u00fan riesgo<\/h4>\n<p data-speechify-sentence=\"\">Los sitios web falsos o falsificados constituyen uno de los focos de hackeo m\u00e1s antiguos. Avast Premium Security analiza los sitios web en busca de riesgos de seguridad tanto en su PC como en el tel\u00e9fono m\u00f3vil: as\u00ed podr\u00e1, por fin, realizar compras y operaciones bancarias en l\u00ednea de forma segura y en cualquier dispositivo.<\/p>\n<h4 data-speechify-sentence=\"\">Evite que los hackers tomen el control de su PC<\/h4>\n<p data-speechify-sentence=\"\">Los ataques de acceso remoto van al alza; y lo \u00faltimo que desear\u00eda es que un hacker tomara el control remoto de su PC y lo infectara con malware o bloqueara sus archivos con ransomware. Avast Premium Security protege su PC contra esos ataques.<\/p>\n<p data-speechify-sentence=\"\">Funciones personalizadas para PC, Mac, Android y iPhone\/iPad que protegen sus dispositivos donde m\u00e1s se necesita.<\/p>\n<p data-speechify-sentence=\"\">Las opciones multidispositivo o para un dispositivo le permiten elegir la protecci\u00f3n m\u00e1s adecuada a sus necesidades.<\/p>\n","protected":false},"excerpt":{"rendered":"<p data-speechify-sentence=\"\">Avast Premium Security es m\u00e1s que un simple antivirus: es una soluci\u00f3n de protecci\u00f3n en l\u00ednea completa para todos sus equipos, tel\u00e9fonos y tabletas.<\/p>\n<p>Producto compatible solo con Windows.<\/p>\n<p><strong>Clave de activaci\u00f3n de producto.<\/strong><\/p>\n<p><b>Serial alfanum\u00e9rico de 16 d\u00edgitos (XXXX-XXXXXX-XXXX).<\/b><\/p>\n","protected":false},"featured_media":8941,"template":"","meta":{"om_disable_all_campaigns":false,"_monsterinsights_skip_tracking":false,"_monsterinsights_sitenote_active":false,"_monsterinsights_sitenote_note":"","_monsterinsights_sitenote_category":0},"product_cat":[130],"product_tag":[125,120,124,126,123,117,116,118,121,122,119],"yoast_head":"<!-- This site is optimized with the Yoast SEO plugin v19.13 - https:\/\/yoast.com\/wordpress\/plugins\/seo\/ -->\n<title>Avast Premium Security - Compu593<\/title>\n<meta name=\"robots\" content=\"index, follow, max-snippet:-1, max-image-preview:large, max-video-preview:-1\" \/>\n<link rel=\"canonical\" href=\"https:\/\/compu593.com\/index.php\/product\/avast\/\" \/>\n<meta property=\"og:locale\" content=\"es_ES\" \/>\n<meta property=\"og:type\" content=\"article\" \/>\n<meta property=\"og:title\" content=\"Avast Premium Security - Compu593\" \/>\n<meta property=\"og:description\" content=\"Avast Premium Security es m\u00e1s que un simple antivirus: es una soluci\u00f3n de protecci\u00f3n en l\u00ednea completa para todos sus equipos, tel\u00e9fonos y tabletas. Producto compatible solo con Windows.  Clave de activaci\u00f3n de producto.  Serial alfanum\u00e9rico de 16 d\u00edgitos (XXXX-XXXXXX-XXXX).\" \/>\n<meta property=\"og:url\" content=\"https:\/\/compu593.com\/index.php\/product\/avast\/\" \/>\n<meta property=\"og:site_name\" content=\"Compu593\" \/>\n<meta property=\"article:modified_time\" content=\"2022-07-09T18:27:58+00:00\" \/>\n<meta property=\"og:image\" content=\"https:\/\/compu593.com\/wp-content\/uploads\/2022\/07\/Avast.webp\" \/>\n\t<meta property=\"og:image:width\" content=\"1420\" \/>\n\t<meta property=\"og:image:height\" content=\"1420\" \/>\n\t<meta property=\"og:image:type\" content=\"image\/webp\" \/>\n<meta name=\"twitter:card\" content=\"summary_large_image\" \/>\n<meta name=\"twitter:label1\" content=\"Tiempo de lectura\" \/>\n\t<meta name=\"twitter:data1\" content=\"1 minuto\" \/>\n<script type=\"application\/ld+json\" class=\"yoast-schema-graph\">{\"@context\":\"https:\/\/schema.org\",\"@graph\":[{\"@type\":\"WebPage\",\"@id\":\"https:\/\/compu593.com\/index.php\/product\/avast\/\",\"url\":\"https:\/\/compu593.com\/index.php\/product\/avast\/\",\"name\":\"Avast Premium Security - Compu593\",\"isPartOf\":{\"@id\":\"https:\/\/compu593.com\/#website\"},\"datePublished\":\"2022-07-05T22:20:19+00:00\",\"dateModified\":\"2022-07-09T18:27:58+00:00\",\"breadcrumb\":{\"@id\":\"https:\/\/compu593.com\/index.php\/product\/avast\/#breadcrumb\"},\"inLanguage\":\"es\",\"potentialAction\":[{\"@type\":\"ReadAction\",\"target\":[\"https:\/\/compu593.com\/index.php\/product\/avast\/\"]}]},{\"@type\":\"BreadcrumbList\",\"@id\":\"https:\/\/compu593.com\/index.php\/product\/avast\/#breadcrumb\",\"itemListElement\":[{\"@type\":\"ListItem\",\"position\":1,\"name\":\"Portada\",\"item\":\"https:\/\/compu593.com\/\"},{\"@type\":\"ListItem\",\"position\":2,\"name\":\"Store\",\"item\":\"https:\/\/compu593.com\/index.php\/store\/\"},{\"@type\":\"ListItem\",\"position\":3,\"name\":\"Avast Premium Security\"}]},{\"@type\":\"WebSite\",\"@id\":\"https:\/\/compu593.com\/#website\",\"url\":\"https:\/\/compu593.com\/\",\"name\":\"Compu593\",\"description\":\"Key Store\",\"potentialAction\":[{\"@type\":\"SearchAction\",\"target\":{\"@type\":\"EntryPoint\",\"urlTemplate\":\"https:\/\/compu593.com\/?s={search_term_string}\"},\"query-input\":\"required name=search_term_string\"}],\"inLanguage\":\"es\"}]}<\/script>\n<!-- \/ Yoast SEO plugin. -->","yoast_head_json":{"title":"Avast Premium Security - Compu593","robots":{"index":"index","follow":"follow","max-snippet":"max-snippet:-1","max-image-preview":"max-image-preview:large","max-video-preview":"max-video-preview:-1"},"canonical":"https:\/\/compu593.com\/index.php\/product\/avast\/","og_locale":"es_ES","og_type":"article","og_title":"Avast Premium Security - Compu593","og_description":"Avast Premium Security es m\u00e1s que un simple antivirus: es una soluci\u00f3n de protecci\u00f3n en l\u00ednea completa para todos sus equipos, tel\u00e9fonos y tabletas. Producto compatible solo con Windows.  Clave de activaci\u00f3n de producto.  Serial alfanum\u00e9rico de 16 d\u00edgitos (XXXX-XXXXXX-XXXX).","og_url":"https:\/\/compu593.com\/index.php\/product\/avast\/","og_site_name":"Compu593","article_modified_time":"2022-07-09T18:27:58+00:00","og_image":[{"width":1420,"height":1420,"url":"https:\/\/compu593.com\/wp-content\/uploads\/2022\/07\/Avast.webp","type":"image\/webp"}],"twitter_card":"summary_large_image","twitter_misc":{"Tiempo de lectura":"1 minuto"},"schema":{"@context":"https:\/\/schema.org","@graph":[{"@type":"WebPage","@id":"https:\/\/compu593.com\/index.php\/product\/avast\/","url":"https:\/\/compu593.com\/index.php\/product\/avast\/","name":"Avast Premium Security - Compu593","isPartOf":{"@id":"https:\/\/compu593.com\/#website"},"datePublished":"2022-07-05T22:20:19+00:00","dateModified":"2022-07-09T18:27:58+00:00","breadcrumb":{"@id":"https:\/\/compu593.com\/index.php\/product\/avast\/#breadcrumb"},"inLanguage":"es","potentialAction":[{"@type":"ReadAction","target":["https:\/\/compu593.com\/index.php\/product\/avast\/"]}]},{"@type":"BreadcrumbList","@id":"https:\/\/compu593.com\/index.php\/product\/avast\/#breadcrumb","itemListElement":[{"@type":"ListItem","position":1,"name":"Portada","item":"https:\/\/compu593.com\/"},{"@type":"ListItem","position":2,"name":"Store","item":"https:\/\/compu593.com\/index.php\/store\/"},{"@type":"ListItem","position":3,"name":"Avast Premium Security"}]},{"@type":"WebSite","@id":"https:\/\/compu593.com\/#website","url":"https:\/\/compu593.com\/","name":"Compu593","description":"Key Store","potentialAction":[{"@type":"SearchAction","target":{"@type":"EntryPoint","urlTemplate":"https:\/\/compu593.com\/?s={search_term_string}"},"query-input":"required name=search_term_string"}],"inLanguage":"es"}]}},"_links":{"self":[{"href":"https:\/\/compu593.com\/index.php\/wp-json\/wp\/v2\/product\/8859"}],"collection":[{"href":"https:\/\/compu593.com\/index.php\/wp-json\/wp\/v2\/product"}],"about":[{"href":"https:\/\/compu593.com\/index.php\/wp-json\/wp\/v2\/types\/product"}],"wp:featuredmedia":[{"embeddable":true,"href":"https:\/\/compu593.com\/index.php\/wp-json\/wp\/v2\/media\/8941"}],"wp:attachment":[{"href":"https:\/\/compu593.com\/index.php\/wp-json\/wp\/v2\/media?parent=8859"}],"wp:term":[{"taxonomy":"product_cat","embeddable":true,"href":"https:\/\/compu593.com\/index.php\/wp-json\/wp\/v2\/product_cat?post=8859"},{"taxonomy":"product_tag","embeddable":true,"href":"https:\/\/compu593.com\/index.php\/wp-json\/wp\/v2\/product_tag?post=8859"}],"curies":[{"name":"wp","href":"https:\/\/api.w.org\/{rel}","templated":true}]}}